{"id":103,"date":"2024-05-16T12:52:24","date_gmt":"2024-05-16T12:52:24","guid":{"rendered":"https:\/\/eventclientweb.waterfront.digital\/?page_id=103"},"modified":"2025-01-17T10:48:10","modified_gmt":"2025-01-17T10:48:10","slug":"venue","status":"publish","type":"page","link":"https:\/\/events.pricingplatform.com\/fmcg-2025\/venue\/","title":{"rendered":"Venue"},"content":{"rendered":"\t\t<div data-elementor-type=\"wp-page\" data-elementor-id=\"103\" class=\"elementor elementor-103\" data-elementor-post-type=\"page\">\n\t\t\t\t<div class=\"has_ae_slider elementor-element elementor-element-83315d6 e-flex e-con-boxed ae-bg-gallery-type-default e-con e-parent\" data-id=\"83315d6\" data-element_type=\"container\" data-e-type=\"container\" data-settings=\"{&quot;background_background&quot;:&quot;classic&quot;}\">\n\t\t\t\t\t<div class=\"e-con-inner\">\n\t\t<div class=\"has_ae_slider elementor-element elementor-element-66a7a8f e-con-full e-flex ae-bg-gallery-type-default e-con e-child\" data-id=\"66a7a8f\" data-element_type=\"container\" data-e-type=\"container\">\n\t\t\t\t<div class=\"elementor-element elementor-element-3ae973b elementor-widget elementor-widget-heading\" data-id=\"3ae973b\" data-element_type=\"widget\" data-e-type=\"widget\" data-widget_type=\"heading.default\">\n\t\t\t\t<div class=\"elementor-widget-container\">\n\t\t\t\t\t<h2 class=\"elementor-heading-title elementor-size-default\">EPP GLOBAL FMCG\/CPG <br>Revenue Growth Management Forum 2025<\/h2>\t\t\t\t<\/div>\n\t\t\t\t<\/div>\n\t\t\t\t<div class=\"elementor-element elementor-element-85b41fb elementor-widget elementor-widget-heading\" data-id=\"85b41fb\" data-element_type=\"widget\" data-e-type=\"widget\" data-widget_type=\"heading.default\">\n\t\t\t\t<div class=\"elementor-widget-container\">\n\t\t\t\t\t<h1 class=\"elementor-heading-title elementor-size-default\">Venue<\/h1>\t\t\t\t<\/div>\n\t\t\t\t<\/div>\n\t\t\t\t<\/div>\n\t\t\t\t\t<\/div>\n\t\t\t\t<\/div>\n\t\t<div class=\"has_ae_slider elementor-element elementor-element-c8a3bf6 e-flex e-con-boxed ae-bg-gallery-type-default e-con e-parent\" data-id=\"c8a3bf6\" data-element_type=\"container\" data-e-type=\"container\">\n\t\t\t\t\t<div class=\"e-con-inner\">\n\t\t<div class=\"has_ae_slider elementor-element elementor-element-679b4f2 e-con-full e-flex ae-bg-gallery-type-default e-con e-child\" data-id=\"679b4f2\" data-element_type=\"container\" data-e-type=\"container\">\n\t\t\t\t<div class=\"elementor-element elementor-element-f0381cb elementor-widget elementor-widget-heading\" data-id=\"f0381cb\" data-element_type=\"widget\" data-e-type=\"widget\" data-widget_type=\"heading.default\">\n\t\t\t\t<div class=\"elementor-widget-container\">\n\t\t\t\t\t<h2 class=\"elementor-heading-title elementor-size-default\">Porto Pal\u00e1cio Hotel by The Editory<\/h2>\t\t\t\t<\/div>\n\t\t\t\t<\/div>\n\t\t\t\t<div class=\"elementor-element elementor-element-c5fd5ea elementor-widget elementor-widget-text-editor\" data-id=\"c5fd5ea\" data-element_type=\"widget\" data-e-type=\"widget\" data-widget_type=\"text-editor.default\">\n\t\t\t\t<div class=\"elementor-widget-container\">\n\t\t\t\t\t\t\t\t\t<p>Featuring a rooftop lounge with panoramic Porto and Douro River views, 5-star Porto Palacio has a luxurious spa with massage rooms, squash court, fitness centre and an indoor pool. The Casa da Musica is 8 minutes\u2019 walk away. <br \/>Decorated in a modern style, the spacious, soundproofed rooms have a 26-inch, flat-screen satellite TV, seating area and minibar. The marble private bathrooms include underfloor heating. All rooms feature free Wi-Fi access. <br \/>Located on Avenida da Boavista, Porto Pal\u00e1cio Hotel by The Editory is a 7-minute walk from Est\u00e1dio do Bessa. Casa da M\u00fasica and Francos metro stations are both less than a 15-minute walk from the hotel. The city centre is around 15 minutes\u2019 drive away. Porto International Airport is 13.4 km from the hotel.<\/p>\t\t\t\t\t\t\t\t<\/div>\n\t\t\t\t<\/div>\n\t\t\t\t<\/div>\n\t\t<div class=\"has_ae_slider elementor-element elementor-element-427c7ce e-con-full e-flex ae-bg-gallery-type-default e-con e-child\" data-id=\"427c7ce\" data-element_type=\"container\" data-e-type=\"container\" data-settings=\"{&quot;background_background&quot;:&quot;classic&quot;}\">\n\t\t\t\t<div class=\"elementor-element elementor-element-87446a0 elementor-pagination-position-inside gallery-fix elementor-arrows-position-inside elementor-widget elementor-widget-image-carousel\" data-id=\"87446a0\" data-element_type=\"widget\" data-e-type=\"widget\" data-settings=\"{&quot;slides_to_show&quot;:&quot;1&quot;,&quot;navigation&quot;:&quot;both&quot;,&quot;autoplay&quot;:&quot;yes&quot;,&quot;pause_on_hover&quot;:&quot;yes&quot;,&quot;pause_on_interaction&quot;:&quot;yes&quot;,&quot;autoplay_speed&quot;:5000,&quot;infinite&quot;:&quot;yes&quot;,&quot;effect&quot;:&quot;slide&quot;,&quot;speed&quot;:500}\" data-widget_type=\"image-carousel.default\">\n\t\t\t\t<div class=\"elementor-widget-container\">\n\t\t\t\t\t\t\t<div class=\"elementor-image-carousel-wrapper swiper\" role=\"region\" aria-roledescription=\"carousel\" aria-label=\"Image Carousel\" dir=\"ltr\">\n\t\t\t<div class=\"elementor-image-carousel swiper-wrapper swiper-image-stretch\" aria-live=\"off\">\n\t\t\t\t\t\t\t\t<div class=\"swiper-slide\" role=\"group\" aria-roledescription=\"slide\" aria-label=\"1 of 4\"><figure class=\"swiper-slide-inner\"><img decoding=\"async\" class=\"swiper-slide-image\" src=\"https:\/\/events.pricingplatform.com\/fmcg-2025\/wp-content\/uploads\/2024\/11\/portopalacio_fachada-1.png\" alt=\"portopalacio_fachada-1\" \/><\/figure><\/div><div class=\"swiper-slide\" role=\"group\" aria-roledescription=\"slide\" aria-label=\"2 of 4\"><figure class=\"swiper-slide-inner\"><img decoding=\"async\" class=\"swiper-slide-image\" src=\"https:\/\/events.pricingplatform.com\/fmcg-2025\/wp-content\/uploads\/2024\/11\/Porto-2-1.png\" alt=\"Porto 2\" \/><\/figure><\/div><div class=\"swiper-slide\" role=\"group\" aria-roledescription=\"slide\" aria-label=\"3 of 4\"><figure class=\"swiper-slide-inner\"><img decoding=\"async\" class=\"swiper-slide-image\" src=\"https:\/\/events.pricingplatform.com\/fmcg-2025\/wp-content\/uploads\/2024\/11\/Porto-1-1.png\" alt=\"Porto 1\" \/><\/figure><\/div><div class=\"swiper-slide\" role=\"group\" aria-roledescription=\"slide\" aria-label=\"4 of 4\"><figure class=\"swiper-slide-inner\"><img decoding=\"async\" class=\"swiper-slide-image\" src=\"https:\/\/events.pricingplatform.com\/fmcg-2025\/wp-content\/uploads\/2024\/11\/Porto-3-1.png\" alt=\"Porto 3\" \/><\/figure><\/div>\t\t\t<\/div>\n\t\t\t\t\t\t\t\t\t\t\t\t<div class=\"elementor-swiper-button elementor-swiper-button-prev\" role=\"button\" tabindex=\"0\">\n\t\t\t\t\t\t<svg aria-hidden=\"true\" class=\"e-font-icon-svg e-eicon-chevron-left\" viewBox=\"0 0 1000 1000\" xmlns=\"http:\/\/www.w3.org\/2000\/svg\"><path d=\"M646 125C629 125 613 133 604 142L308 442C296 454 292 471 292 487 292 504 296 521 308 533L604 854C617 867 629 875 646 875 663 875 679 871 692 858 704 846 713 829 713 812 713 796 708 779 692 767L438 487 692 225C700 217 708 204 708 187 708 171 704 154 692 142 675 129 663 125 646 125Z\"><\/path><\/svg>\t\t\t\t\t<\/div>\n\t\t\t\t\t<div class=\"elementor-swiper-button elementor-swiper-button-next\" role=\"button\" tabindex=\"0\">\n\t\t\t\t\t\t<svg aria-hidden=\"true\" class=\"e-font-icon-svg e-eicon-chevron-right\" viewBox=\"0 0 1000 1000\" xmlns=\"http:\/\/www.w3.org\/2000\/svg\"><path d=\"M696 533C708 521 713 504 713 487 713 471 708 454 696 446L400 146C388 133 375 125 354 125 338 125 325 129 313 142 300 154 292 171 292 187 292 204 296 221 308 233L563 492 304 771C292 783 288 800 288 817 288 833 296 850 308 863 321 871 338 875 354 875 371 875 388 867 400 854L696 533Z\"><\/path><\/svg>\t\t\t\t\t<\/div>\n\t\t\t\t\n\t\t\t\t\t\t\t\t\t<div class=\"swiper-pagination\"><\/div>\n\t\t\t\t\t\t\t\t\t<\/div>\n\t\t\t\t\t\t<\/div>\n\t\t\t\t<\/div>\n\t\t\t\t<\/div>\n\t\t\t\t\t<\/div>\n\t\t\t\t<\/div>\n\t\t<div class=\"has_ae_slider elementor-element elementor-element-70de303 e-flex e-con-boxed ae-bg-gallery-type-default e-con e-parent\" data-id=\"70de303\" data-element_type=\"container\" data-e-type=\"container\">\n\t\t\t\t\t<div class=\"e-con-inner\">\n\t\t<div class=\"has_ae_slider elementor-element elementor-element-97f2424 e-con-full e-flex ae-bg-gallery-type-default e-con e-child\" data-id=\"97f2424\" data-element_type=\"container\" data-e-type=\"container\">\n\t\t\t\t<div class=\"elementor-element elementor-element-45fb2f4 elementor-widget elementor-widget-heading\" data-id=\"45fb2f4\" data-element_type=\"widget\" data-e-type=\"widget\" data-widget_type=\"heading.default\">\n\t\t\t\t<div class=\"elementor-widget-container\">\n\t\t\t\t\t<h2 class=\"elementor-heading-title elementor-size-default\">Accommodation<\/h2>\t\t\t\t<\/div>\n\t\t\t\t<\/div>\n\t\t\t\t<div class=\"elementor-element elementor-element-a6f35ee desc-fix elementor-widget elementor-widget-text-editor\" data-id=\"a6f35ee\" data-element_type=\"widget\" data-e-type=\"widget\" data-widget_type=\"text-editor.default\">\n\t\t\t\t<div class=\"elementor-widget-container\">\n\t\t\t\t\t\t\t\t\t<p>EPP has secured a preferential room rate at the <a href=\"https:\/\/www.editoryhotels.com\/en\/porto-palacio\/\">Porto Pal\u00e1cio by The Editory<\/a>, exclusively for the attendees of this Forum.<\/p><p>To take advantage of this rate, please contact <a href=\"mailto:francisco.porcel@pricingplatform.com\">francisco.porcel@pricingplatform.com<\/a>.<\/p>\t\t\t\t\t\t\t\t<\/div>\n\t\t\t\t<\/div>\n\t\t\t\t<div class=\"elementor-element elementor-element-0d68dfd elementor-widget elementor-widget-heading\" data-id=\"0d68dfd\" data-element_type=\"widget\" data-e-type=\"widget\" data-widget_type=\"heading.default\">\n\t\t\t\t<div class=\"elementor-widget-container\">\n\t\t\t\t\t<h2 class=\"elementor-heading-title elementor-size-default\">Location<\/h2>\t\t\t\t<\/div>\n\t\t\t\t<\/div>\n\t\t\t\t<div class=\"elementor-element elementor-element-c9ff34c elementor-widget elementor-widget-text-editor\" data-id=\"c9ff34c\" data-element_type=\"widget\" data-e-type=\"widget\" data-widget_type=\"text-editor.default\">\n\t\t\t\t<div class=\"elementor-widget-container\">\n\t\t\t\t\t\t\t\t\t<p><strong>Porto Pal\u00e1cio by The Editory<\/strong><br \/>Avenida da Boavista, 12694100-130, Porto, Norte, Portugal<br \/><br \/><\/p>\t\t\t\t\t\t\t\t<\/div>\n\t\t\t\t<\/div>\n\t\t\t\t<\/div>\n\t\t<div class=\"has_ae_slider elementor-element elementor-element-ff57487 e-con-full e-flex ae-bg-gallery-type-default e-con e-child\" data-id=\"ff57487\" data-element_type=\"container\" data-e-type=\"container\">\n\t\t\t\t<div class=\"elementor-element elementor-element-dcf7d9d elementor-widget elementor-widget-google_maps\" data-id=\"dcf7d9d\" data-element_type=\"widget\" data-e-type=\"widget\" data-widget_type=\"google_maps.default\">\n\t\t\t\t<div class=\"elementor-widget-container\">\n\t\t\t\t\t\t\t<div class=\"elementor-custom-embed\">\n\t\t\t<iframe loading=\"lazy\"\n\t\t\t\t\tsrc=\"https:\/\/maps.google.com\/maps?q=Porto&#038;t=m&#038;z=12&#038;output=embed&#038;iwloc=near\"\n\t\t\t\t\ttitle=\"Porto\"\n\t\t\t\t\taria-label=\"Porto\"\n\t\t\t><\/iframe>\n\t\t<\/div>\n\t\t\t\t\t\t<\/div>\n\t\t\t\t<\/div>\n\t\t\t\t<\/div>\n\t\t\t\t\t<\/div>\n\t\t\t\t<\/div>\n\t\t\t\t<\/div>\n\t\t","protected":false},"excerpt":{"rendered":"<p>EPP GLOBAL FMCG\/CPG Revenue Growth Management Forum 2025 Venue Porto Pal\u00e1cio Hotel by The Editory Featuring a rooftop lounge with panoramic Porto and Douro River views, 5-star Porto Palacio has a luxurious spa with massage rooms, squash court, fitness centre and an indoor pool. The Casa da Musica is 8 minutes\u2019 walk away. Decorated in [&hellip;]<\/p>\n","protected":false},"author":1,"featured_media":0,"parent":0,"menu_order":0,"comment_status":"closed","ping_status":"closed","template":"","meta":{"_acf_changed":false,"footnotes":""},"class_list":["post-103","page","type-page","status-publish","hentry"],"acf":[],"yoast_head":"<!-- This site is optimized with the Yoast SEO plugin v27.4 - https:\/\/yoast.com\/product\/yoast-seo-wordpress\/ -->\n<title>Venue - EPP GLOBAL FMCG\/CPG Revenue Growth Management Forum 2025<\/title>\n<meta name=\"robots\" content=\"index, follow, max-snippet:-1, max-image-preview:large, max-video-preview:-1\" \/>\n<link rel=\"canonical\" href=\"https:\/\/events.pricingplatform.com\/fmcg-2025\/venue\/\" \/>\n<meta property=\"og:locale\" content=\"en_US\" \/>\n<meta property=\"og:type\" content=\"article\" \/>\n<meta property=\"og:title\" content=\"Venue - EPP GLOBAL FMCG\/CPG Revenue Growth Management Forum 2025\" \/>\n<meta property=\"og:description\" content=\"EPP GLOBAL FMCG\/CPG Revenue Growth Management Forum 2025 Venue Porto Pal\u00e1cio Hotel by The Editory Featuring a rooftop lounge with panoramic Porto and Douro River views, 5-star Porto Palacio has a luxurious spa with massage rooms, squash court, fitness centre and an indoor pool. The Casa da Musica is 8 minutes\u2019 walk away. Decorated in [&hellip;]\" \/>\n<meta property=\"og:url\" content=\"https:\/\/events.pricingplatform.com\/fmcg-2025\/venue\/\" \/>\n<meta property=\"og:site_name\" content=\"EPP GLOBAL FMCG\/CPG Revenue Growth Management Forum 2025\" \/>\n<meta property=\"article:modified_time\" content=\"2025-01-17T10:48:10+00:00\" \/>\n<meta property=\"og:image\" content=\"https:\/\/events.pricingplatform.com\/fmcg-2025\/wp-content\/uploads\/2024\/11\/portopalacio_fachada-1.png\" \/>\n<meta name=\"twitter:card\" content=\"summary_large_image\" \/>\n<meta name=\"twitter:label1\" content=\"Est. reading time\" \/>\n\t<meta name=\"twitter:data1\" content=\"3 minutes\" \/>\n<script type=\"application\/ld+json\" class=\"yoast-schema-graph\">{\"@context\":\"https:\\\/\\\/schema.org\",\"@graph\":[{\"@type\":\"WebPage\",\"@id\":\"https:\\\/\\\/events.pricingplatform.com\\\/fmcg-2025\\\/venue\\\/\",\"url\":\"https:\\\/\\\/events.pricingplatform.com\\\/fmcg-2025\\\/venue\\\/\",\"name\":\"Venue - EPP GLOBAL FMCG\\\/CPG Revenue Growth Management Forum 2025\",\"isPartOf\":{\"@id\":\"https:\\\/\\\/events.pricingplatform.com\\\/fmcg-2025\\\/#website\"},\"primaryImageOfPage\":{\"@id\":\"https:\\\/\\\/events.pricingplatform.com\\\/fmcg-2025\\\/venue\\\/#primaryimage\"},\"image\":{\"@id\":\"https:\\\/\\\/events.pricingplatform.com\\\/fmcg-2025\\\/venue\\\/#primaryimage\"},\"thumbnailUrl\":\"https:\\\/\\\/events.pricingplatform.com\\\/fmcg-2025\\\/wp-content\\\/uploads\\\/2024\\\/11\\\/portopalacio_fachada-1.png\",\"datePublished\":\"2024-05-16T12:52:24+00:00\",\"dateModified\":\"2025-01-17T10:48:10+00:00\",\"breadcrumb\":{\"@id\":\"https:\\\/\\\/events.pricingplatform.com\\\/fmcg-2025\\\/venue\\\/#breadcrumb\"},\"inLanguage\":\"en-US\",\"potentialAction\":[{\"@type\":\"ReadAction\",\"target\":[\"https:\\\/\\\/events.pricingplatform.com\\\/fmcg-2025\\\/venue\\\/\"]}]},{\"@type\":\"ImageObject\",\"inLanguage\":\"en-US\",\"@id\":\"https:\\\/\\\/events.pricingplatform.com\\\/fmcg-2025\\\/venue\\\/#primaryimage\",\"url\":\"https:\\\/\\\/events.pricingplatform.com\\\/fmcg-2025\\\/wp-content\\\/uploads\\\/2024\\\/11\\\/portopalacio_fachada-1.png\",\"contentUrl\":\"https:\\\/\\\/events.pricingplatform.com\\\/fmcg-2025\\\/wp-content\\\/uploads\\\/2024\\\/11\\\/portopalacio_fachada-1.png\",\"width\":301,\"height\":301},{\"@type\":\"BreadcrumbList\",\"@id\":\"https:\\\/\\\/events.pricingplatform.com\\\/fmcg-2025\\\/venue\\\/#breadcrumb\",\"itemListElement\":[{\"@type\":\"ListItem\",\"position\":1,\"name\":\"Home\",\"item\":\"https:\\\/\\\/events.pricingplatform.com\\\/fmcg-2025\\\/\"},{\"@type\":\"ListItem\",\"position\":2,\"name\":\"Venue\"}]},{\"@type\":\"WebSite\",\"@id\":\"https:\\\/\\\/events.pricingplatform.com\\\/fmcg-2025\\\/#website\",\"url\":\"https:\\\/\\\/events.pricingplatform.com\\\/fmcg-2025\\\/\",\"name\":\"EPP GLOBAL FMCG\\\/CPG Revenue Growth Management Forum 2025\",\"description\":\"Innovative Pricing: Cross-Industry Insights\",\"publisher\":{\"@id\":\"https:\\\/\\\/events.pricingplatform.com\\\/fmcg-2025\\\/#organization\"},\"potentialAction\":[{\"@type\":\"SearchAction\",\"target\":{\"@type\":\"EntryPoint\",\"urlTemplate\":\"https:\\\/\\\/events.pricingplatform.com\\\/fmcg-2025\\\/?s={search_term_string}\"},\"query-input\":{\"@type\":\"PropertyValueSpecification\",\"valueRequired\":true,\"valueName\":\"search_term_string\"}}],\"inLanguage\":\"en-US\"},{\"@type\":\"Organization\",\"@id\":\"https:\\\/\\\/events.pricingplatform.com\\\/fmcg-2025\\\/#organization\",\"name\":\"EPP GLOBAL FMCG\\\/CPG Revenue Growth Management Forum 2025\",\"url\":\"https:\\\/\\\/events.pricingplatform.com\\\/fmcg-2025\\\/\",\"logo\":{\"@type\":\"ImageObject\",\"inLanguage\":\"en-US\",\"@id\":\"https:\\\/\\\/events.pricingplatform.com\\\/fmcg-2025\\\/#\\\/schema\\\/logo\\\/image\\\/\",\"url\":\"https:\\\/\\\/events.pricingplatform.com\\\/fmcg-2025\\\/wp-content\\\/uploads\\\/2024\\\/05\\\/EPP_Logo2025-e1752230322611.png\",\"contentUrl\":\"https:\\\/\\\/events.pricingplatform.com\\\/fmcg-2025\\\/wp-content\\\/uploads\\\/2024\\\/05\\\/EPP_Logo2025-e1752230322611.png\",\"width\":1662,\"height\":850,\"caption\":\"EPP GLOBAL FMCG\\\/CPG Revenue Growth Management Forum 2025\"},\"image\":{\"@id\":\"https:\\\/\\\/events.pricingplatform.com\\\/fmcg-2025\\\/#\\\/schema\\\/logo\\\/image\\\/\"}}]}<\/script>\n<!-- \/ Yoast SEO plugin. -->","yoast_head_json":{"title":"Venue - EPP GLOBAL FMCG\/CPG Revenue Growth Management Forum 2025","robots":{"index":"index","follow":"follow","max-snippet":"max-snippet:-1","max-image-preview":"max-image-preview:large","max-video-preview":"max-video-preview:-1"},"canonical":"https:\/\/events.pricingplatform.com\/fmcg-2025\/venue\/","og_locale":"en_US","og_type":"article","og_title":"Venue - EPP GLOBAL FMCG\/CPG Revenue Growth Management Forum 2025","og_description":"EPP GLOBAL FMCG\/CPG Revenue Growth Management Forum 2025 Venue Porto Pal\u00e1cio Hotel by The Editory Featuring a rooftop lounge with panoramic Porto and Douro River views, 5-star Porto Palacio has a luxurious spa with massage rooms, squash court, fitness centre and an indoor pool. The Casa da Musica is 8 minutes\u2019 walk away. Decorated in [&hellip;]","og_url":"https:\/\/events.pricingplatform.com\/fmcg-2025\/venue\/","og_site_name":"EPP GLOBAL FMCG\/CPG Revenue Growth Management Forum 2025","article_modified_time":"2025-01-17T10:48:10+00:00","og_image":[{"url":"https:\/\/events.pricingplatform.com\/fmcg-2025\/wp-content\/uploads\/2024\/11\/portopalacio_fachada-1.png","type":"","width":"","height":""}],"twitter_card":"summary_large_image","twitter_misc":{"Est. reading time":"3 minutes"},"schema":{"@context":"https:\/\/schema.org","@graph":[{"@type":"WebPage","@id":"https:\/\/events.pricingplatform.com\/fmcg-2025\/venue\/","url":"https:\/\/events.pricingplatform.com\/fmcg-2025\/venue\/","name":"Venue - EPP GLOBAL FMCG\/CPG Revenue Growth Management Forum 2025","isPartOf":{"@id":"https:\/\/events.pricingplatform.com\/fmcg-2025\/#website"},"primaryImageOfPage":{"@id":"https:\/\/events.pricingplatform.com\/fmcg-2025\/venue\/#primaryimage"},"image":{"@id":"https:\/\/events.pricingplatform.com\/fmcg-2025\/venue\/#primaryimage"},"thumbnailUrl":"https:\/\/events.pricingplatform.com\/fmcg-2025\/wp-content\/uploads\/2024\/11\/portopalacio_fachada-1.png","datePublished":"2024-05-16T12:52:24+00:00","dateModified":"2025-01-17T10:48:10+00:00","breadcrumb":{"@id":"https:\/\/events.pricingplatform.com\/fmcg-2025\/venue\/#breadcrumb"},"inLanguage":"en-US","potentialAction":[{"@type":"ReadAction","target":["https:\/\/events.pricingplatform.com\/fmcg-2025\/venue\/"]}]},{"@type":"ImageObject","inLanguage":"en-US","@id":"https:\/\/events.pricingplatform.com\/fmcg-2025\/venue\/#primaryimage","url":"https:\/\/events.pricingplatform.com\/fmcg-2025\/wp-content\/uploads\/2024\/11\/portopalacio_fachada-1.png","contentUrl":"https:\/\/events.pricingplatform.com\/fmcg-2025\/wp-content\/uploads\/2024\/11\/portopalacio_fachada-1.png","width":301,"height":301},{"@type":"BreadcrumbList","@id":"https:\/\/events.pricingplatform.com\/fmcg-2025\/venue\/#breadcrumb","itemListElement":[{"@type":"ListItem","position":1,"name":"Home","item":"https:\/\/events.pricingplatform.com\/fmcg-2025\/"},{"@type":"ListItem","position":2,"name":"Venue"}]},{"@type":"WebSite","@id":"https:\/\/events.pricingplatform.com\/fmcg-2025\/#website","url":"https:\/\/events.pricingplatform.com\/fmcg-2025\/","name":"EPP GLOBAL FMCG\/CPG Revenue Growth Management Forum 2025","description":"Innovative Pricing: Cross-Industry Insights","publisher":{"@id":"https:\/\/events.pricingplatform.com\/fmcg-2025\/#organization"},"potentialAction":[{"@type":"SearchAction","target":{"@type":"EntryPoint","urlTemplate":"https:\/\/events.pricingplatform.com\/fmcg-2025\/?s={search_term_string}"},"query-input":{"@type":"PropertyValueSpecification","valueRequired":true,"valueName":"search_term_string"}}],"inLanguage":"en-US"},{"@type":"Organization","@id":"https:\/\/events.pricingplatform.com\/fmcg-2025\/#organization","name":"EPP GLOBAL FMCG\/CPG Revenue Growth Management Forum 2025","url":"https:\/\/events.pricingplatform.com\/fmcg-2025\/","logo":{"@type":"ImageObject","inLanguage":"en-US","@id":"https:\/\/events.pricingplatform.com\/fmcg-2025\/#\/schema\/logo\/image\/","url":"https:\/\/events.pricingplatform.com\/fmcg-2025\/wp-content\/uploads\/2024\/05\/EPP_Logo2025-e1752230322611.png","contentUrl":"https:\/\/events.pricingplatform.com\/fmcg-2025\/wp-content\/uploads\/2024\/05\/EPP_Logo2025-e1752230322611.png","width":1662,"height":850,"caption":"EPP GLOBAL FMCG\/CPG Revenue Growth Management Forum 2025"},"image":{"@id":"https:\/\/events.pricingplatform.com\/fmcg-2025\/#\/schema\/logo\/image\/"}}]}},"_links":{"self":[{"href":"https:\/\/events.pricingplatform.com\/fmcg-2025\/wp-json\/wp\/v2\/pages\/103","targetHints":{"allow":["GET"]}}],"collection":[{"href":"https:\/\/events.pricingplatform.com\/fmcg-2025\/wp-json\/wp\/v2\/pages"}],"about":[{"href":"https:\/\/events.pricingplatform.com\/fmcg-2025\/wp-json\/wp\/v2\/types\/page"}],"author":[{"embeddable":true,"href":"https:\/\/events.pricingplatform.com\/fmcg-2025\/wp-json\/wp\/v2\/users\/1"}],"replies":[{"embeddable":true,"href":"https:\/\/events.pricingplatform.com\/fmcg-2025\/wp-json\/wp\/v2\/comments?post=103"}],"version-history":[{"count":58,"href":"https:\/\/events.pricingplatform.com\/fmcg-2025\/wp-json\/wp\/v2\/pages\/103\/revisions"}],"predecessor-version":[{"id":3159,"href":"https:\/\/events.pricingplatform.com\/fmcg-2025\/wp-json\/wp\/v2\/pages\/103\/revisions\/3159"}],"wp:attachment":[{"href":"https:\/\/events.pricingplatform.com\/fmcg-2025\/wp-json\/wp\/v2\/media?parent=103"}],"curies":[{"name":"wp","href":"https:\/\/api.w.org\/{rel}","templated":true}]}}